{"id":127,"date":"2018-07-01T16:20:36","date_gmt":"2018-07-01T14:20:36","guid":{"rendered":"https:\/\/thierry-vernet.net\/?page_id=127"},"modified":"2019-08-15T19:52:35","modified_gmt":"2019-08-15T17:52:35","slug":"nicolas-bouvier","status":"publish","type":"page","link":"https:\/\/thierry-vernet.net\/?page_id=127","title":{"rendered":"A Ceylan"},"content":{"rendered":"<p><em>\u00ab\u00a0&#8230;Aucun besoin de dire aux gens que ce n&rsquo;est que civilement pour le moment. \u00e7a c&rsquo;est nos affaires internes. \u00e7a nous laissera plus libres, apr\u00e8s, pour une c\u00e9l\u00e9bration intime et ensoleill\u00e9e.&nbsp; Que Floristella et vous r\u00e9pondiez aux gens curieux et \u00e0 la rumeur publique que la tendre m\u00f4me va me rejoindre \u00e0 Ceylan o\u00f9 nous nous marierons. Et voil\u00e0. Pas besoin de donner des d\u00e9tails&#8230; \u00ab\u00a0<\/em><\/p>\n<p><em>Th. Vernet, le 27 ao\u00fbt 1954<\/em><\/p>\n<p>Le 20 oct. 1954, apr\u00e8s plus d\u2019un an de voyage partag\u00e9, Thierry&nbsp; dis \u201cau revoir\u201d \u00e0 Nicolas Bouvier&nbsp;et part en avion pour le Sri Lanka, rejoindre&nbsp;sa fianc\u00e9e Floristella. Nicolas de son c\u00f4t\u00e9, va traverser l\u2019Inde avec la Topolino et les retrouvera quelques mois plus tard &nbsp;\u00e0 Galle,&nbsp;dans une pension face \u00e0 la mer.<\/p>\n<p>Bien que vivant une idylle amoureuse, les jeunes&nbsp;fianc\u00e9s n&rsquo;oublient pas leur passion pour la peinture. Ils exposeront ensemble leurs oeuvres dans une \u00e9cole abandonn\u00e9e pendant les vacances. Le succ\u00e8s ne sera pas au rendez-vous&#8230;<\/p>\n<p><img loading=\"lazy\" decoding=\"async\" class=\"alignnone size-medium wp-image-1432\" src=\"https:\/\/thierry-vernet.net\/wp-content\/uploads\/2018\/11\/Floristella-et-Thierry-2-205x300.jpg\" alt=\"\" width=\"205\" height=\"300\" srcset=\"https:\/\/thierry-vernet.net\/wp-content\/uploads\/2018\/11\/Floristella-et-Thierry-2-205x300.jpg 205w, https:\/\/thierry-vernet.net\/wp-content\/uploads\/2018\/11\/Floristella-et-Thierry-2-768x1123.jpg 768w, https:\/\/thierry-vernet.net\/wp-content\/uploads\/2018\/11\/Floristella-et-Thierry-2-700x1024.jpg 700w, https:\/\/thierry-vernet.net\/wp-content\/uploads\/2018\/11\/Floristella-et-Thierry-2.jpg 789w\" sizes=\"auto, (max-width: 205px) 100vw, 205px\" \/> <img loading=\"lazy\" decoding=\"async\" class=\"size-medium wp-image-1433 alignright\" src=\"https:\/\/thierry-vernet.net\/wp-content\/uploads\/2018\/11\/Floristella-Thierry-et-la-topolino-205x300.jpg\" alt=\"\" width=\"205\" height=\"300\" srcset=\"https:\/\/thierry-vernet.net\/wp-content\/uploads\/2018\/11\/Floristella-Thierry-et-la-topolino-205x300.jpg 205w, https:\/\/thierry-vernet.net\/wp-content\/uploads\/2018\/11\/Floristella-Thierry-et-la-topolino-768x1125.jpg 768w, https:\/\/thierry-vernet.net\/wp-content\/uploads\/2018\/11\/Floristella-Thierry-et-la-topolino-699x1024.jpg 699w, https:\/\/thierry-vernet.net\/wp-content\/uploads\/2018\/11\/Floristella-Thierry-et-la-topolino.jpg 797w\" sizes=\"auto, (max-width: 205px) 100vw, 205px\" \/><\/p>\n<h6>Le mariage \u00e0 Ceylan \/ avec la Topolino<\/h6>\n<p>&nbsp;<\/p>\n<p style=\"text-align: center;\"><strong><em>GUEST HOUSE, 22 HOSPITAL STREET,<\/em><\/strong><\/p>\n<p style=\"text-align: center;\"><strong><em>CHEZ NOUS<\/em><\/strong><\/p>\n<p>Sur le plan, un rectangle fortement hachur\u00e9. Un point d\u2019exclamation. L\u2019auberge fait face \u00e0 un banian immense, \u00e0 un phare d\u2019une blancheur \u00e9blouissante et \u00e0 la mer qui descend d\u2019un trait vers le P\u00f4le Sud sans plus piper mot.<\/p>\n<p>Ils sont dans l\u2019\u00eele depuis quelques mois, log\u00e9s ici depuis quelques semaines et s\u2019y sont mari\u00e9s voici dix jours. Ce \u00ab\u00a0chez nous\u00a0\u00bb me ferait pleurer. Paul et Virginie.<\/p>\n<p><em>Extrait&nbsp;du &nbsp;poisson-scorpion de Nicolas Bouvier<\/em><\/p>\n<p>Puis le jour du d\u00e9part arrive. La s\u00e9paration avec Nicolas est&nbsp;difficile. Thierry et Floristella voyageront \u00e0 bord de l&rsquo;Otrento, jusqu&rsquo; \u00e0 Marseille o\u00f9 ils arriveront le 4 juin 1955. Leurs parents les y attendent, immens\u00e9ment soulag\u00e9s.<\/p>\n<p><img loading=\"lazy\" decoding=\"async\" class=\"alignnone  wp-image-1434\" src=\"https:\/\/thierry-vernet.net\/wp-content\/uploads\/2018\/11\/Hopitalstreet-300x195.jpg\" alt=\"\" width=\"323\" height=\"210\" srcset=\"https:\/\/thierry-vernet.net\/wp-content\/uploads\/2018\/11\/Hopitalstreet-300x195.jpg 300w, https:\/\/thierry-vernet.net\/wp-content\/uploads\/2018\/11\/Hopitalstreet-768x499.jpg 768w, https:\/\/thierry-vernet.net\/wp-content\/uploads\/2018\/11\/Hopitalstreet.jpg 944w\" sizes=\"auto, (max-width: 323px) 100vw, 323px\" \/><\/p>\n<h6>Hospitalstreet \u00e0 Galle<\/h6>\n<p>Images : Thierry, Floristella et la Topolino.&nbsp; La pension \u00e0 Galle. Collection priv\u00e9e.<\/p>\nngg_shortcode_0_placeholder\n","protected":false},"excerpt":{"rendered":"<p>\u00ab\u00a0&#8230;Aucun besoin de dire aux gens que ce n&rsquo;est que civilement pour le moment. \u00e7a c&rsquo;est nos affaires internes. \u00e7a nous laissera plus libres, apr\u00e8s, pour une c\u00e9l\u00e9bration intime et ensoleill\u00e9e.&nbsp; Que Floristella et vous r\u00e9pondiez aux gens curieux et &hellip; <a href=\"https:\/\/thierry-vernet.net\/?page_id=127\">Continuer la lecture <span class=\"meta-nav\">&rarr;<\/span><\/a><\/p>\n","protected":false},"author":2,"featured_media":0,"parent":69,"menu_order":0,"comment_status":"closed","ping_status":"closed","template":"","meta":{"ngg_post_thumbnail":0,"footnotes":""},"class_list":["post-127","page","type-page","status-publish","hentry"],"_links":{"self":[{"href":"https:\/\/thierry-vernet.net\/index.php?rest_route=\/wp\/v2\/pages\/127","targetHints":{"allow":["GET"]}}],"collection":[{"href":"https:\/\/thierry-vernet.net\/index.php?rest_route=\/wp\/v2\/pages"}],"about":[{"href":"https:\/\/thierry-vernet.net\/index.php?rest_route=\/wp\/v2\/types\/page"}],"author":[{"embeddable":true,"href":"https:\/\/thierry-vernet.net\/index.php?rest_route=\/wp\/v2\/users\/2"}],"replies":[{"embeddable":true,"href":"https:\/\/thierry-vernet.net\/index.php?rest_route=%2Fwp%2Fv2%2Fcomments&post=127"}],"version-history":[{"count":11,"href":"https:\/\/thierry-vernet.net\/index.php?rest_route=\/wp\/v2\/pages\/127\/revisions"}],"predecessor-version":[{"id":1610,"href":"https:\/\/thierry-vernet.net\/index.php?rest_route=\/wp\/v2\/pages\/127\/revisions\/1610"}],"up":[{"embeddable":true,"href":"https:\/\/thierry-vernet.net\/index.php?rest_route=\/wp\/v2\/pages\/69"}],"wp:attachment":[{"href":"https:\/\/thierry-vernet.net\/index.php?rest_route=%2Fwp%2Fv2%2Fmedia&parent=127"}],"curies":[{"name":"wp","href":"https:\/\/api.w.org\/{rel}","templated":true}]}}