{"id":155,"date":"2018-07-03T22:05:12","date_gmt":"2018-07-03T20:05:12","guid":{"rendered":"https:\/\/thierry-vernet.net\/?page_id=155"},"modified":"2018-10-09T11:05:12","modified_gmt":"2018-10-09T09:05:12","slug":"decorateur","status":"publish","type":"page","link":"https:\/\/thierry-vernet.net\/?page_id=155","title":{"rendered":"D\u00e9corateur de th\u00e9\u00e2tre"},"content":{"rendered":"<p>\u00ab Malgr\u00e9 des soutiens fid\u00e8les, l&rsquo;\u00e9tat du peintre ne suffisant pas toujours \u00e0 assurer la totalit\u00e9 du n\u00e9cessaire, il m&rsquo;arrive de m&rsquo;adonner \u00e0 des activit\u00e9s annexes, notamment celle de d\u00e9corateur de th\u00e9\u00e2tre. J&rsquo;y trouve l&rsquo;occasion de me livrer un peu \u00e0 l&rsquo;agitation de peindre en grand, de faire de l&rsquo;architecture, d&rsquo;exercer mon sens pratique et d&rsquo;avoir des relations non platoniques avec les mots et la musique. \u00bb<br \/>\nTh. Vernet<\/p>\n<p>D&rsquo;un portrait esquiss\u00e9 au Moyen-Orient, au profil d&rsquo;un personnage de th\u00e9\u00e2tre, d&rsquo;une paysanne avec un foulard \u00e0 une ballerine \u00e9l\u00e9gante, Thierry Vernet n&rsquo;h\u00e9site pas une seconde \u00e0 franchir le pas ! Ces mondes que l&rsquo;on pourrait croire herm\u00e9tiques, \u00e9tanches l&rsquo;un \u00e0 l&rsquo;autre, sont au contraire franchis sans h\u00e9sitation : La moisson d&rsquo;images, d&rsquo;impressions et de dessins faits lors du \u00ab Grand Voyage \u00bb avec Nicolas Bouvier, restera pour Th. Vernet une source in\u00e9puisable d&rsquo;inspiration \u00e0 transposer dans le monde du th\u00e9\u00e2tre et de l&rsquo;op\u00e9ra pour lesquels il a fourni un travail consid\u00e9rable.<\/p>\n<h4>Le rapport de la peinture et du th\u00e9\u00e2tre?<\/h4>\n<p>Je serais tent\u00e9 de dire qu&rsquo;il n&rsquo;y en a point. Ou, si l&rsquo;on en per\u00e7oit un, c&rsquo;est que cette perception s&rsquo;\u00e9tablit sur une conception erron\u00e9e tant de la peinture que du th\u00e9\u00e2tre. Mais il peut y avoir une utilisation \u00abdramatique\u00bb de la peinture, comme telle, dans sa sp\u00e9cificit\u00e9 de \u00abchose peinte\u00bb: rideau peint, trompe l&rsquo;\u0153il qui ne trompe personne ou pas longtemps, etc&#8230;<\/p>\n<p>Bien que peintre, c&rsquo;est l&rsquo;architecte en moi que le th\u00e9\u00e2tre sollicite, l&rsquo;espace du peintre \u00e9tant par nature inutilisable au th\u00e9\u00e2tre, deux dimensions ne pouvant \u00eatre habit\u00e9es par personne. Cependant, l&rsquo;affaire du peintre \u00e9tant l&rsquo;expression m\u00e9taphorique de l&rsquo;espace, au th\u00e9\u00e2tre, il se trouvera, bien qu&rsquo;avec d&rsquo;autres outils, \u00e0 son affaire, et d&rsquo;avantage aux marionnettes o\u00f9 la m\u00e9taphore se veut plus visible encore.<\/p>\n<p><img loading=\"lazy\" decoding=\"async\" class=\"alignnone size-full wp-image-798\" src=\"https:\/\/thierry-vernet.net\/wp-content\/uploads\/2018\/10\/dessin_theatre_thierry02.jpg\" alt=\"\" height=\"283\" width=\"214\"> <img loading=\"lazy\" decoding=\"async\" class=\"alignnone size-medium wp-image-799\" src=\"https:\/\/thierry-vernet.net\/wp-content\/uploads\/2018\/10\/dessin_theatre_thierry03.jpg\" alt=\"\" height=\"283\" width=\"214\"> <img loading=\"lazy\" decoding=\"async\" class=\"alignnone size-medium wp-image-800\" src=\"https:\/\/thierry-vernet.net\/wp-content\/uploads\/2018\/10\/dessin_theatre_thierry05.jpg\" alt=\"\" height=\"283\" width=\"214\"> <img loading=\"lazy\" decoding=\"async\" class=\"alignnone size-medium wp-image-801\" src=\"https:\/\/thierry-vernet.net\/wp-content\/uploads\/2018\/10\/dessin_th\u00e9\u00e2tre_thierry07.jpg\" alt=\"\" height=\"283\" width=\"159\"><\/p>\n<h4>Alors?<\/h4>\n<p>Tout ce qui sort du m\u00eame homme \u00e9tant de la m\u00eame couleur, le travail au th\u00e9\u00e2tre du peintre, aura sans doute un \u00abair de famille\u00bb avec ses autres productions, mais le rapport s&rsquo;arr\u00eatera l\u00e0.<\/p>\n<p>Au temps des d\u00e9cors peints, ce n&rsquo;\u00e9tait pas la peinture qui comptait mais l&rsquo;illusion qui n&rsquo;est pas du domaine de la peinture. Le peintre enr\u00f4l\u00e9 dans l&rsquo;aventure d&rsquo;une cr\u00e9ation th\u00e9\u00e2trale se fera comme les autres \u00abacteur\u00bb, utilisant sa nature pour ce qu&rsquo;elle est, mais \u00e9galement la for\u00e7ant, s&rsquo;amusant des distances qu&rsquo;il prend avec lui-m\u00eame comme d&rsquo;un voyage qu&rsquo;il ferait, alors que dans son oeuvre personnelle, c&rsquo;est pr\u00e9cis\u00e9ment du contraire qu&rsquo;il jouira.<\/p>\n<p>&#8230;Je me suis mis, t\u00f4t, \u00e0 tra\u00eener des brosses dans des ateliers de d\u00e9cors et sur quelques sc\u00e8nes qui voulaient bien. J\u2019y ai ajout\u00e9 au fil des ans des marteaux et des clous, puis je me suis occup\u00e9 \u00e0 v\u00eatir ceux qui sont en slip ou en soutien-gorge et les ai affubl\u00e9 de crinolines, justaucorps et perruques. Ayant appris sur le tas que \u00ab&nbsp;le th\u00e9\u00e2tre c\u2019est tout le th\u00e9\u00e2tre&nbsp;\u00bb, j\u2019ai t\u00e2t\u00e9, d\u2019un engagement \u00e0 l\u2019autre, du r\u00e9pertoire le plus vari\u00e9, \u00ab&nbsp;des bretelles de papa&nbsp;\u00bb \u00e0&nbsp; \u00ab&nbsp;Argos d\u00e9livr\u00e9e&nbsp;\u00bb. Cela veut dire que Labiche, Sacha Guitry, Moli\u00e8re, Euripide, Marivaux, Salacrou, O\u2019Neil, Coaldia, Rossini, Mozart, Alben Berg, Menotti, Scarlatti (Alessandro ) etc\u2026 et m\u00eame Salieri puisque maintenant on conna\u00eet, je connais&nbsp;; plus quelques ballets, dont un, exquis, style \u00ab&nbsp;musical show&nbsp;\u00bb \u00e0 l\u2019am\u00e9ricaine&nbsp;; et encore, depuis quinze ans des spectacles avec Alain Recoing&nbsp;; et alors, l\u00e0, aux marionnettes, on s\u2019amuse vraiment.<\/p>\n<p>Thierry Vernet<\/p>\n<p><img loading=\"lazy\" decoding=\"async\" class=\"alignnone size-medium wp-image-802\" src=\"https:\/\/thierry-vernet.net\/wp-content\/uploads\/2018\/10\/theatre02b-300x227.jpg\" alt=\"\" height=\"227\" width=\"300\" srcset=\"https:\/\/thierry-vernet.net\/wp-content\/uploads\/2018\/10\/theatre02b-300x227.jpg 300w, https:\/\/thierry-vernet.net\/wp-content\/uploads\/2018\/10\/theatre02b.jpg 401w\" sizes=\"auto, (max-width: 300px) 100vw, 300px\" \/><\/p>\n<p>C&rsquo;est en 1966 que Robert Dunand, fondateur du Collegium Academicum (aujourd&rsquo;hui Orchestre de Chambre de Gen\u00e8ve) pr\u00e9sente pour la premi\u00e8re fois, en \u00e9t\u00e9, un spectacle lyrique \u00e0 la Cour de l&rsquo;H\u00f4tel-de-Ville de Gen\u00e8ve.<br \/>\nSarah Ventura, metteur en sc\u00e8ne et Thierry Vernet, d\u00e9corateur, se joignent \u00e0 Robert Dunand et fondent la Section lyrique du Collegium Academicum qui deviendra, au fil des ann\u00e9es, l&rsquo;Op\u00e9ra de Chambre de Gen\u00e8ve.<\/p>\n<p>&nbsp;<\/p>\n<p>D&rsquo;autres images et la listes des travaux de Th. Vernet au th\u00e9\u00e2tre sont pr\u00e9sent\u00e9es dans : <a href=\"https:\/\/thierry-vernet.net\/thierry-vernet\/decorateur\/galerie-theatre\/\">Galerie -th\u00e9\u00e2tre<\/a><\/p>\n<p>&nbsp;<\/p>\n","protected":false},"excerpt":{"rendered":"<p>\u00ab Malgr\u00e9 des soutiens fid\u00e8les, l&rsquo;\u00e9tat du peintre ne suffisant pas toujours \u00e0 assurer la totalit\u00e9 du n\u00e9cessaire, il m&rsquo;arrive de m&rsquo;adonner \u00e0 des activit\u00e9s annexes, notamment celle de d\u00e9corateur de th\u00e9\u00e2tre. J&rsquo;y trouve l&rsquo;occasion de me livrer un peu &hellip; <a href=\"https:\/\/thierry-vernet.net\/?page_id=155\">Continuer la lecture <span class=\"meta-nav\">&rarr;<\/span><\/a><\/p>\n","protected":false},"author":2,"featured_media":0,"parent":62,"menu_order":0,"comment_status":"closed","ping_status":"closed","template":"","meta":{"ngg_post_thumbnail":0,"footnotes":""},"class_list":["post-155","page","type-page","status-publish","hentry"],"_links":{"self":[{"href":"https:\/\/thierry-vernet.net\/index.php?rest_route=\/wp\/v2\/pages\/155","targetHints":{"allow":["GET"]}}],"collection":[{"href":"https:\/\/thierry-vernet.net\/index.php?rest_route=\/wp\/v2\/pages"}],"about":[{"href":"https:\/\/thierry-vernet.net\/index.php?rest_route=\/wp\/v2\/types\/page"}],"author":[{"embeddable":true,"href":"https:\/\/thierry-vernet.net\/index.php?rest_route=\/wp\/v2\/users\/2"}],"replies":[{"embeddable":true,"href":"https:\/\/thierry-vernet.net\/index.php?rest_route=%2Fwp%2Fv2%2Fcomments&post=155"}],"version-history":[{"count":7,"href":"https:\/\/thierry-vernet.net\/index.php?rest_route=\/wp\/v2\/pages\/155\/revisions"}],"predecessor-version":[{"id":803,"href":"https:\/\/thierry-vernet.net\/index.php?rest_route=\/wp\/v2\/pages\/155\/revisions\/803"}],"up":[{"embeddable":true,"href":"https:\/\/thierry-vernet.net\/index.php?rest_route=\/wp\/v2\/pages\/62"}],"wp:attachment":[{"href":"https:\/\/thierry-vernet.net\/index.php?rest_route=%2Fwp%2Fv2%2Fmedia&parent=155"}],"curies":[{"name":"wp","href":"https:\/\/api.w.org\/{rel}","templated":true}]}}