{"id":593,"date":"2018-10-04T11:48:04","date_gmt":"2018-10-04T09:48:04","guid":{"rendered":"https:\/\/thierry-vernet.net\/?page_id=593"},"modified":"2019-04-23T19:13:24","modified_gmt":"2019-04-23T17:13:24","slug":"lusage-du-monde","status":"publish","type":"page","link":"https:\/\/thierry-vernet.net\/?page_id=593","title":{"rendered":"L&rsquo;Usage du monde"},"content":{"rendered":"<p>L\u2019une au moins de ses \u0153uvres est universellement connue&nbsp;: le dessin de ces deux bizarres personnages t\u00eate-b\u00eache chevauchant un pauvre \u00e2ne r\u00e9sign\u00e9, sur la couverture de <em>L&rsquo;usage du monde<\/em> de Bouvier [Payot, 2001], est probablement le plus c\u00e9l\u00e8bre de Thierry Vernet. Mais \u00e0 part ce croquis \u00e0 l\u2019ironie ravageuse, l\u2019\u0153uvre du peintre genevois [1927-1993] est rest\u00e9e plus discr\u00e8te &#8211; et l\u2019artiste lui-m\u00eame plus discret encore. Car dans l\u2019insolite et formidable tandem Bouvier-Vernet qui, en 1953-1954, fila presque sans un sou de Gen\u00e8ve \u00e0 Kaboul en Topolino, c\u2019est Bouvier qui a domin\u00e9, sa plume incomparable dans l\u2019\u00e9pop\u00e9e comme dans la com\u00e9die le sacrant r\u00e9f\u00e9rence incontournable des \u00e9crivains voyageurs. Et Thierry Vernet, son comp\u00e8re et ami, en \u00e9tait lui aussi convaincu, \u00e0 ses propres d\u00e9pends, estimant d\u00e8s les premi\u00e8res pages avoir pour sa part \u00ab&nbsp;<em>le plus beau m\u00e9tier du monde<\/em> \u00bb. C\u2019est d\u2019ailleurs la vente de ses aquarelles et tableaux en cours de route qui finan\u00e7a en bonne partie l\u2019exp\u00e9dition\u2026 \u00ab&nbsp;Le cher Nick&nbsp;\u00bb &#8211; comme l\u2019appelle Vernet avec une affectueuse ironie &#8211; en \u00e9tait bien conscient, et souligne volontiers dans <em>L\u2019usage du monde<\/em> l\u2019importance de son ami, dessinateur audacieux, infirmier-cuistot-garagiste sans faille, mais surtout auditoire permanent et bienveillant\u2026<\/p>\n<p>Extrait d&rsquo;un commentaire de&nbsp; Jo\u00eblle Brack \u00e0 propos de \u00ab\u00a0<em>Peindre, \u00e9crire, chemin faisant<\/em>\u00a0\u00bb de Thierry Vernet&nbsp;&nbsp; Ed. L&rsquo; Age d&rsquo;Homme<\/p>\n<p><img loading=\"lazy\" decoding=\"async\" class=\"alignnone wp-image-607\" src=\"https:\/\/thierry-vernet.net\/wp-content\/uploads\/2018\/10\/projets_couverture_juillard_a-300x146.jpg\" alt=\"\" width=\"240\" height=\"117\" srcset=\"https:\/\/thierry-vernet.net\/wp-content\/uploads\/2018\/10\/projets_couverture_juillard_a-300x146.jpg 300w, https:\/\/thierry-vernet.net\/wp-content\/uploads\/2018\/10\/projets_couverture_juillard_a-768x373.jpg 768w, https:\/\/thierry-vernet.net\/wp-content\/uploads\/2018\/10\/projets_couverture_juillard_a-1024x497.jpg 1024w\" sizes=\"auto, (max-width: 240px) 100vw, 240px\" \/><img loading=\"lazy\" decoding=\"async\" class=\"alignnone wp-image-608\" src=\"https:\/\/thierry-vernet.net\/wp-content\/uploads\/2018\/10\/projets_couverture_juillard_c-300x164.jpg\" alt=\"\" width=\"214\" height=\"117\" srcset=\"https:\/\/thierry-vernet.net\/wp-content\/uploads\/2018\/10\/projets_couverture_juillard_c-300x164.jpg 300w, https:\/\/thierry-vernet.net\/wp-content\/uploads\/2018\/10\/projets_couverture_juillard_c-768x421.jpg 768w, https:\/\/thierry-vernet.net\/wp-content\/uploads\/2018\/10\/projets_couverture_juillard_c-1024x561.jpg 1024w\" sizes=\"auto, (max-width: 214px) 100vw, 214px\" \/><\/p>\n<p><img loading=\"lazy\" decoding=\"async\" class=\"alignnone wp-image-609\" src=\"https:\/\/thierry-vernet.net\/wp-content\/uploads\/2018\/10\/projets_couverture_juillard_d-300x229.jpg\" alt=\"\" width=\"234\" height=\"179\" srcset=\"https:\/\/thierry-vernet.net\/wp-content\/uploads\/2018\/10\/projets_couverture_juillard_d-300x229.jpg 300w, https:\/\/thierry-vernet.net\/wp-content\/uploads\/2018\/10\/projets_couverture_juillard_d.jpg 709w\" sizes=\"auto, (max-width: 234px) 100vw, 234px\" \/><img loading=\"lazy\" decoding=\"async\" class=\"alignnone wp-image-610\" src=\"https:\/\/thierry-vernet.net\/wp-content\/uploads\/2018\/10\/projets_couverture_juillard_e-e1539072027511-287x300.jpg\" alt=\"\" width=\"215\" height=\"225\" srcset=\"https:\/\/thierry-vernet.net\/wp-content\/uploads\/2018\/10\/projets_couverture_juillard_e-e1539072027511-287x300.jpg 287w, https:\/\/thierry-vernet.net\/wp-content\/uploads\/2018\/10\/projets_couverture_juillard_e-e1539072027511-768x803.jpg 768w, https:\/\/thierry-vernet.net\/wp-content\/uploads\/2018\/10\/projets_couverture_juillard_e-e1539072027511-980x1024.jpg 980w\" sizes=\"auto, (max-width: 215px) 100vw, 215px\" \/><\/p>\n<h5><em>Th. Vernet : 4 Projets de couverture<\/em><\/h5>\n<h2>Les dessins originaux<\/h2>\n<p>\u00ab Je me souviens d&rsquo;une nuit d&rsquo;\u00e9t\u00e9 au bord du lac, \u00e9tendu sur un ponton en compagnie de l&rsquo;ami pr\u00e9f\u00e9r\u00e9, t\u00e9tant le lait des \u00e9toiles. Nous \u00e9tions alors convaincus que la vie n&rsquo;est vraiment v\u00e9cue que si elle est \u00e9crite, que ce soit sur du papier, de la toile ou des port\u00e9es. \u00bb<\/p>\n<p>Th. V.&nbsp;&nbsp;<\/p>\n<p><img loading=\"lazy\" decoding=\"async\" class=\"alignnone size-medium wp-image-599\" src=\"https:\/\/thierry-vernet.net\/wp-content\/uploads\/2018\/10\/Usage_monde_Droz-2-236x300.jpg\" alt=\"\" width=\"236\" height=\"300\" srcset=\"https:\/\/thierry-vernet.net\/wp-content\/uploads\/2018\/10\/Usage_monde_Droz-2-236x300.jpg 236w, https:\/\/thierry-vernet.net\/wp-content\/uploads\/2018\/10\/Usage_monde_Droz-2-768x976.jpg 768w, https:\/\/thierry-vernet.net\/wp-content\/uploads\/2018\/10\/Usage_monde_Droz-2-806x1024.jpg 806w, https:\/\/thierry-vernet.net\/wp-content\/uploads\/2018\/10\/Usage_monde_Droz-2.jpg 1726w\" sizes=\"auto, (max-width: 236px) 100vw, 236px\" \/><\/p>\n<p>Un artiste de 26 ans, Thierry Vernet, d\u00e9bute un long p\u00e9riple ; un \u00e9crivain de 25 ans, Nicolas Bouvier le rejoint. Le voyage dure pr\u00e8s de deux ans (1953- 1954). Ensemble, chacun \u00e0 sa mani\u00e8re, ils inventent L&rsquo;usage du monde,* un livre essentiel, initiatique, qui entrem\u00eale narrations et dessins. Initiatique ? Oui. Tous les grands voyageurs sont des p\u00e8lerins, et toute p\u00e9r\u00e9grination est recherche de soi.<\/p>\n<p>Intimement li\u00e9s au texte de Nicolas Bouvier, indissociables selon leur projet commun, ces dessins originaux n&rsquo;ont jamais fait l&rsquo;objet d&rsquo;un tirage de qualit\u00e9 qui leur rende honneur. Une s\u00e9lection est propos\u00e9e ici gr\u00e2ce \u00e0 l&rsquo;accord d&rsquo;Eliane Bouvier et la d\u00e9termination de l&rsquo;association ADOP : FS-TV et des h\u00e9ritiers de Thierry Vernet et de sa femme Floristella Stephani.<\/p>\n<p>Au-del\u00e0 des villes travers\u00e9es (Ptuj, Zagreb, Tr\u00e9bizonde, Tabriz, T\u00e9h\u00e9ran, Kaboul), les dessins de L&rsquo;usage du monde t\u00e9moignent de la sensibilit\u00e9 de Thierry Vernet, men\u00e9 par le hasard des routes et l&rsquo;ent\u00eatement \u00e0 saisir.<\/p>\n<p>Fr\u00e8re en graphisme d&rsquo;Hugo Pratt, pr\u00e9curseur de Marjane Satrapi, Thierry Vernet porte soin \u00e0 ses dessins dont le contraste noir-blanc accentue l&rsquo;intensit\u00e9 et la tendresse. La courbe opulente des femmes et des montagnes, la mosqu\u00e9e souriante aux bras lev\u00e9s, traduisent une empathie en mouvement qui englobe les soldats taciturnes et les \u00e9tranges personnages \u00e0 la Kusturica, mi braconniers mi miliciens. Et, \u00e9videmment, les musiciens. Excellent accord\u00e9oniste lui-m\u00eame, Thierry Vernet se d\u00e9fait par la musique de sa condition d&rsquo;\u00e9tranger. En d\u00e9finitive, le grand art de cet artiste est de restituer des atmosph\u00e8res et, partant, de nous faire aimer ces gens et ces lieux. En contrepoint \u00e0 ces dessins, existe la magnifique correspondance \u00e9dit\u00e9e en 2006,** de Thierry Vernet \u00e0 sa famille et \u00e0 l&rsquo;aim\u00e9e, la M\u00f4me, Floristella Stephani. Ces lettres offrent acc\u00e8s au quotidien du dessinateur, \u00e0 son apprentissage du Monde majuscule, \u00eatres et paysages m\u00eal\u00e9s.<\/p>\n<p>Il nous est alors facile de comprendre que le plus bel usage du monde, c&rsquo;est de le partager.<\/p>\n<p><em>Alexandra Galitzine<\/em><\/p>\n<h5>( Pr\u00e9sentation des oeuvres de Th. Vernet expos\u00e9es pour la premi\u00e8re fois \u00e0 la Pinacoth\u00e8que des Eaux-Vives de Gen\u00e8ve en janvier 2009 )<\/h5>\n<h5>*\u00ab L&rsquo;usage du monde \u00bb, de Nicolas Bouvier, dessins de Thierry Vernet, 1963 Droz, 1964 Julliard, 1985 La D\u00e9couverte, 1992 Payot, 2004 Gallimard OEuvres compl\u00e8tes.<\/h5>\n<h5>**\u00ab Peindre, \u00e9crire, chemin faisant \u00bb de Thierry Vernet, \u00e9dition L&rsquo;Age d&rsquo;Homme, Lausanne, 2006, 709 p.<\/h5>\n<h5>Pour voir les dessins : Galerie &#8211; Usage du monde<\/h5>\n<h5>Une s\u00e9rie de tirages des dessins de Thierry Vernet sont en vente \u00e0 la Librairie Le vent des Routes \u00e0 Gen\u00e8ve. Contact : &nbsp;<a href=\"http:\/\/www.vdr.ch\">www.vdr.ch<\/a><\/h5>\n<h5>En 1963, Nicolas Bouvier commente son livre l&rsquo;Usage du monde lors d&rsquo;un entretient \u00e0 la t\u00e9l\u00e9vision Suisse Romande. Archive \u00e0 d\u00e9couvrir ici :&nbsp;<a href=\"https:\/\/www.notrehistoire.ch\/medias\/67925\">https:\/\/www.notrehistoire.ch\/medias\/67925<\/a><\/h5>\n<p>&nbsp;<\/p>\n<p>&nbsp;<\/p>\n","protected":false},"excerpt":{"rendered":"<p>L\u2019une au moins de ses \u0153uvres est universellement connue&nbsp;: le dessin de ces deux bizarres personnages t\u00eate-b\u00eache chevauchant un pauvre \u00e2ne r\u00e9sign\u00e9, sur la couverture de L&rsquo;usage du monde de Bouvier [Payot, 2001], est probablement le plus c\u00e9l\u00e8bre de Thierry &hellip; <a href=\"https:\/\/thierry-vernet.net\/?page_id=593\">Continuer la lecture <span class=\"meta-nav\">&rarr;<\/span><\/a><\/p>\n","protected":false},"author":2,"featured_media":0,"parent":158,"menu_order":0,"comment_status":"closed","ping_status":"closed","template":"","meta":{"ngg_post_thumbnail":0,"footnotes":""},"class_list":["post-593","page","type-page","status-publish","hentry"],"_links":{"self":[{"href":"https:\/\/thierry-vernet.net\/index.php?rest_route=\/wp\/v2\/pages\/593","targetHints":{"allow":["GET"]}}],"collection":[{"href":"https:\/\/thierry-vernet.net\/index.php?rest_route=\/wp\/v2\/pages"}],"about":[{"href":"https:\/\/thierry-vernet.net\/index.php?rest_route=\/wp\/v2\/types\/page"}],"author":[{"embeddable":true,"href":"https:\/\/thierry-vernet.net\/index.php?rest_route=\/wp\/v2\/users\/2"}],"replies":[{"embeddable":true,"href":"https:\/\/thierry-vernet.net\/index.php?rest_route=%2Fwp%2Fv2%2Fcomments&post=593"}],"version-history":[{"count":11,"href":"https:\/\/thierry-vernet.net\/index.php?rest_route=\/wp\/v2\/pages\/593\/revisions"}],"predecessor-version":[{"id":1567,"href":"https:\/\/thierry-vernet.net\/index.php?rest_route=\/wp\/v2\/pages\/593\/revisions\/1567"}],"up":[{"embeddable":true,"href":"https:\/\/thierry-vernet.net\/index.php?rest_route=\/wp\/v2\/pages\/158"}],"wp:attachment":[{"href":"https:\/\/thierry-vernet.net\/index.php?rest_route=%2Fwp%2Fv2%2Fmedia&parent=593"}],"curies":[{"name":"wp","href":"https:\/\/api.w.org\/{rel}","templated":true}]}}